{"id":1327,"date":"2017-01-21T10:52:09","date_gmt":"2017-01-21T09:52:09","guid":{"rendered":"http:\/\/trauerrednerin.eu\/neu\/?page_id=1327"},"modified":"2024-02-06T06:58:14","modified_gmt":"2024-02-06T05:58:14","slug":"ueber-mich","status":"publish","type":"page","link":"https:\/\/trauerrednerin.eu\/?page_id=1327","title":{"rendered":"\u00dcber mich"},"content":{"rendered":"<p><!--more--><\/p>\n<div id=\"body\">\n<p><img loading=\"lazy\" decoding=\"async\" class=\" wp-image-1331 alignleft\" src=\"http:\/\/trauerrednerin.eu\/neu\/wp-content\/uploads\/2017\/01\/0963-215x300.jpg\" alt=\"\" width=\"151\" height=\"211\" srcset=\"https:\/\/trauerrednerin.eu\/neu\/wp-content\/uploads\/2017\/01\/0963-215x300.jpg 215w, https:\/\/trauerrednerin.eu\/neu\/wp-content\/uploads\/2017\/01\/0963.jpg 602w\" sizes=\"(max-width: 151px) 100vw, 151px\" \/>Mein Name ist Heike Kiszio und ich lebe in Duisburg-Wedau. Geboren 1960 in K\u00f6ln, verheiratet, eine erwachsene Tochter und eine wundervolle Enkelin.<\/p>\n<p>Nach umfassenden Weiterbildungen zur Trauerrednerin und Trauerbegleiterin stehe ich Ihnen mit meiner langj\u00e4hrigen Erfahrung gerne als freie Rednerin bei weltlichen und heidnischen\u00a0 Trauerfeiern jenseits der Amtskirchen zur Verf\u00fcgung. Es ist mir ein inneres Anliegen, jede Trauerfeier liebevoll, pers\u00f6nlich und individuell zu gestalten.<\/p>\n<p>Seit 2013 begleite ich liebevoll und empathisch Trauerfeiern im Raum Duisburg. Seit ein paar Jahren spreche ich zus\u00e4tzlich <a title=\"\" href=\"https:\/\/www.heike-kiszio.de\" target=\"_blank\" rel=\"noopener\">H\u00f6rb\u00fccher<\/a> ein.<\/p>\n<p>Ist es Ihnen wichtig, f\u00fcr Ihre Entscheidung f\u00fcr mich, meine Stimme vorab zu h\u00f6ren? Das geht \u00fcber meine <a title=\"\" href=\"http:\/\/www.heike-kiszio.de\" target=\"_blank\" rel=\"noopener\">Sprecherwebsite<\/a>, und auch \u00fcber die Audible oder Amazon-Suche.<\/p>\n<\/div>\n","protected":false},"excerpt":{"rendered":"","protected":false},"author":1,"featured_media":0,"parent":1251,"menu_order":0,"comment_status":"closed","ping_status":"closed","template":"","meta":{"footnotes":""},"_links":{"self":[{"href":"https:\/\/trauerrednerin.eu\/index.php?rest_route=\/wp\/v2\/pages\/1327"}],"collection":[{"href":"https:\/\/trauerrednerin.eu\/index.php?rest_route=\/wp\/v2\/pages"}],"about":[{"href":"https:\/\/trauerrednerin.eu\/index.php?rest_route=\/wp\/v2\/types\/page"}],"author":[{"embeddable":true,"href":"https:\/\/trauerrednerin.eu\/index.php?rest_route=\/wp\/v2\/users\/1"}],"replies":[{"embeddable":true,"href":"https:\/\/trauerrednerin.eu\/index.php?rest_route=%2Fwp%2Fv2%2Fcomments&post=1327"}],"version-history":[{"count":8,"href":"https:\/\/trauerrednerin.eu\/index.php?rest_route=\/wp\/v2\/pages\/1327\/revisions"}],"predecessor-version":[{"id":1595,"href":"https:\/\/trauerrednerin.eu\/index.php?rest_route=\/wp\/v2\/pages\/1327\/revisions\/1595"}],"up":[{"embeddable":true,"href":"https:\/\/trauerrednerin.eu\/index.php?rest_route=\/wp\/v2\/pages\/1251"}],"wp:attachment":[{"href":"https:\/\/trauerrednerin.eu\/index.php?rest_route=%2Fwp%2Fv2%2Fmedia&parent=1327"}],"curies":[{"name":"wp","href":"https:\/\/api.w.org\/{rel}","templated":true}]}}