{"id":1315,"date":"2017-01-21T10:38:37","date_gmt":"2017-01-21T09:38:37","guid":{"rendered":"http:\/\/trauerrednerin.eu\/neu\/?page_id=1315"},"modified":"2023-10-22T10:33:53","modified_gmt":"2023-10-22T08:33:53","slug":"referenzen","status":"publish","type":"page","link":"https:\/\/trauerrednerin.eu\/?page_id=1315","title":{"rendered":"Referenzen"},"content":{"rendered":"<p>Hier einige R\u00fcckmeldungen von Hinterbliebenen<\/p>\n<pre class=\"ti-widget\"><div class=\"ti-widget ti-goog\" data-no-translation=\"true\" data-layout-id=\"34\" data-set-id=\"drop-shadow\" data-pid=\"\" data-pager-autoplay-timeout=\"6\" data-review-target-width=\"300\" data-language=\"de\" > <div class=\"ti-widget-container ti-col-3\"> <div class=\"ti-header source-Google\"> <div class=\"ti-rating-text\"> <strong class=\"ti-rating ti-rating-large\"> Ausgezeichnet <\/strong> <\/div> <span class=\"ti-stars star-lg\"> <span class=\"ti-star f\"><\/span><span class=\"ti-star f\"><\/span><span class=\"ti-star f\"><\/span><span class=\"ti-star f\"><\/span><span class=\"ti-star f\"><\/span> <\/span> <div class=\"ti-rating-text\"> <span class=\"nowrap\">Basierend auf <strong>13 Bewertungen<\/strong><\/span> <\/div> <div class=\"ti-large-logo\"> <div class=\"ti-v-center\"> <img loading=\"lazy\" decoding=\"async\" class=\"ti-logo-fb\" src=\"https:\/\/cdn.trustindex.io\/assets\/platform\/Google\/logo.svg\" width=\"150\" height=\"25\" alt=\"Google\" \/> <\/div> <\/div> <\/div> <div class=\"ti-reviews-container\"> <div class=\"ti-controls\"> <div class=\"ti-next\" aria-label=\"N\u00e4chste Bewertung\" role=\"button\"><\/div> <div class=\"ti-prev\" aria-label=\"Vorherige Bewertung\" role=\"button\"><\/div> <\/div> <div class=\"ti-reviews-container-wrapper\">  <div data-empty=\"0\" class=\"ti-review-item source-Google\" > <div class=\"ti-inner\"> <div class=\"ti-review-header\"> <div class=\"ti-profile-img\"> <img decoding=\"async\" src=\"https:\/\/lh3.googleusercontent.com\/a\/ACg8ocIpwCT1Nl1Ahhvf1xe8UNx1FiCweZjRGxrUJzqtl_c=s120-c-rp-mo-br100\" alt=\"Ch. J.\" \/> <\/div> <div class=\"ti-profile-details\"> <div class=\"ti-name\"> Ch. J. <\/div> <div class=\"ti-date\">15 November 2023<\/div> <\/div> <\/div> <span class=\"ti-stars\"><span class=\"ti-star f\"><\/span><span class=\"ti-star f\"><\/span><span class=\"ti-star f\"><\/span><span class=\"ti-star f\"><\/span><span class=\"ti-star f\"><\/span><\/span> <div class=\"ti-review-text-container ti-review-content\"><!-- R-CONTENT -->Frau Kiszio wurde uns vom Bestattungshaus Jung in Duisburg empfohlen. DANKE an die Firma Jung f\u00fcr diese gute Empfehlung. Frau Kiszio hat genau die richtigen Worte gefunden. Sie hat den Lebensweg unserer Mutter wunderbar beschrieben und den Abschied sehr einf\u00fchlsam begleitet. Von Herzen DANKE. Familie J.<!-- R-CONTENT --><\/div> <span class=\"ti-read-more\" data-container=\".ti-review-content\" data-collapse-text=\"Ausblenden\" data-open-text=\"Weiterlesen\" ><\/span> <\/div> <\/div>  <div data-empty=\"0\" class=\"ti-review-item source-Google\" > <div class=\"ti-inner\"> <div class=\"ti-review-header\"> <div class=\"ti-profile-img\"> <img decoding=\"async\" src=\"https:\/\/lh3.googleusercontent.com\/a\/ACg8ocLptaqwPFLDjKWvJ_jsjQhTrnQri07DWp982yHlCi0j=s120-c-rp-mo-br100\" alt=\"Monika Schremm\" \/> <\/div> <div class=\"ti-profile-details\"> <div class=\"ti-name\"> Monika Schremm <\/div> <div class=\"ti-date\">10 Oktober 2021<\/div> <\/div> <\/div> <span class=\"ti-stars\"><span class=\"ti-star f\"><\/span><span class=\"ti-star f\"><\/span><span class=\"ti-star f\"><\/span><span class=\"ti-star f\"><\/span><span class=\"ti-star f\"><\/span><\/span> <div class=\"ti-review-text-container ti-review-content\"><!-- R-CONTENT -->Liebe Frau Kiszio-Pegelow, auch an dieser Stelle m\u00f6chte ich mich noch einmal f\u00fcr Ihre \u00e4u\u00dferst einf\u00fchlsame, gef\u00fchlvolle und ausgewogene Ansprache bei der Trauerfeier f\u00fcr meinen Vater bedanken. Einige unserer G\u00e4ste, die meinem Vater zu seinen Lebzeiten nur wenige Male begegnet waren, gaben mir die R\u00fcckmeldung, dass sie ihn durch Ihre Rede noch einmal neu kennenlernen konnten. Auch alle anderen G\u00e4ste waren voll des Lobes \u00fcber Ihre w\u00fcrde- und liebevolle Art, die Zeremonie zu begleiten. Meine Mutter und ich f\u00fchlten uns durch Ihren ruhigen und angenehm professionellen Umgang mit unserem Verlust - auch bereits bei dem vorab gef\u00fchrten Trauergespr\u00e4ch - sehr getragen. Ich habe Sie bereits mehrfach weiterempfohlen und werde das auch zuk\u00fcnftig sehr gerne tun. Alles Gute f\u00fcr Sie, machen Sie so weiter! Herzliche Gr\u00fc\u00dfe aus Duisburg, Monika Schremm<!-- R-CONTENT --><\/div> <span class=\"ti-read-more\" data-container=\".ti-review-content\" data-collapse-text=\"Ausblenden\" data-open-text=\"Weiterlesen\" ><\/span> <\/div> <\/div>  <div data-empty=\"0\" class=\"ti-review-item source-Google\" > <div class=\"ti-inner\"> <div class=\"ti-review-header\"> <div class=\"ti-profile-img\"> <img decoding=\"async\" src=\"https:\/\/lh3.googleusercontent.com\/a\/ACg8ocK5WCSBUgYKtWwax0zEWCT88gDFVoH-mPfXsUi2kHHS=s120-c-rp-mo-br100\" alt=\"Michaela Boehm\" \/> <\/div> <div class=\"ti-profile-details\"> <div class=\"ti-name\"> Michaela Boehm <\/div> <div class=\"ti-date\">12 September 2021<\/div> <\/div> <\/div> <span class=\"ti-stars\"><span class=\"ti-star f\"><\/span><span class=\"ti-star f\"><\/span><span class=\"ti-star f\"><\/span><span class=\"ti-star f\"><\/span><span class=\"ti-star f\"><\/span><\/span> <div class=\"ti-review-text-container ti-review-content\"><!-- R-CONTENT -->Vielen herzlichen Dank f\u00fcr die wundersch\u00f6ne Trauerrede f\u00fcr meine Mutter. Sie haben das viel zu kurze Leben mit den absolut passenden Worten beschrieben und alle Anwesenden damit ber\u00fchrt. Daf\u00fcr kann ich mich garnicht genug bedanken, meiner Mutter h\u00e4tte es auch sehr gefallen.<!-- R-CONTENT --><\/div> <span class=\"ti-read-more\" data-container=\".ti-review-content\" data-collapse-text=\"Ausblenden\" data-open-text=\"Weiterlesen\" ><\/span> <\/div> <\/div>  <div data-empty=\"0\" class=\"ti-review-item source-Google\" > <div class=\"ti-inner\"> <div class=\"ti-review-header\"> <div class=\"ti-profile-img\"> <img decoding=\"async\" src=\"https:\/\/lh3.googleusercontent.com\/a\/ACg8ocIGlWph2poaknxG4tG5fIOUQG6gxWZ1coSshlTGFrZy=s120-c-rp-mo-br100\" alt=\"Xenia Momm\" \/> <\/div> <div class=\"ti-profile-details\"> <div class=\"ti-name\"> Xenia Momm <\/div> <div class=\"ti-date\">26 Mai 2021<\/div> <\/div> <\/div> <span class=\"ti-stars\"><span class=\"ti-star f\"><\/span><span class=\"ti-star f\"><\/span><span class=\"ti-star f\"><\/span><span class=\"ti-star f\"><\/span><span class=\"ti-star f\"><\/span><\/span> <div class=\"ti-review-text-container ti-review-content\"><!-- R-CONTENT -->Eine sehr sch\u00f6ne, emotionale Trauerrede - fast so, als h\u00e4tte Frau Kiszio den Verstorbenen pers\u00f6nlich gekannt. Danke<!-- R-CONTENT --><\/div> <span class=\"ti-read-more\" data-container=\".ti-review-content\" data-collapse-text=\"Ausblenden\" data-open-text=\"Weiterlesen\" ><\/span> <\/div> <\/div>  <div data-empty=\"0\" class=\"ti-review-item source-Google\" > <div class=\"ti-inner\"> <div class=\"ti-review-header\"> <div class=\"ti-profile-img\"> <img decoding=\"async\" src=\"https:\/\/lh3.googleusercontent.com\/a\/ACg8ocIA5YNsx6ikuVeRFrELTyEOPb3eSaxNXrM9wr_Ecbg=s120-c-rp-mo-br100\" alt=\"Thomas Diehle\" \/> <\/div> <div class=\"ti-profile-details\"> <div class=\"ti-name\"> Thomas Diehle <\/div> <div class=\"ti-date\">21 April 2021<\/div> <\/div> <\/div> <span class=\"ti-stars\"><span class=\"ti-star f\"><\/span><span class=\"ti-star f\"><\/span><span class=\"ti-star f\"><\/span><span class=\"ti-star f\"><\/span><span class=\"ti-star f\"><\/span><\/span> <div class=\"ti-review-text-container ti-review-content\"><!-- R-CONTENT -->Im M\u00e4rz wurde meine Mutter in Essen bestattet. Frau Kiszio-Pegelow wurde uns von dem Bestatter empfohlen. Frau Kiszio- Pegelow meldete sich bei uns und nahm sich sehr viel Zeit um sich \u00fcber das Leben meiner Mutter zu informieren.\nIhre Begleitung der Bestattung war sehr w\u00fcrdevoll und bewegend.\nWir, als die Angeh\u00f6rigen der Verstorbenen, bekamen die Gelegenheit uns noch einmal das Leben meiner Mutter Revue passieren zu lassen.\nF\u00fcr die Teilnehmer an der Trauerfeier entstand ein wundervolles Bild der Verstorbenen.\nVoller Dankbarkeit m\u00f6chte ich mich ausdr\u00fccklich bedanken.<!-- R-CONTENT --><\/div> <span class=\"ti-read-more\" data-container=\".ti-review-content\" data-collapse-text=\"Ausblenden\" data-open-text=\"Weiterlesen\" ><\/span> <\/div> <\/div>  <div data-empty=\"0\" class=\"ti-review-item source-Google\" > <div class=\"ti-inner\"> <div class=\"ti-review-header\"> <div class=\"ti-profile-img\"> <img decoding=\"async\" src=\"https:\/\/lh3.googleusercontent.com\/a-\/ALV-UjVoLTst07JQ2n6C5zQxLez9TlJnL3M0k_QqcmGNZ_lVAQ=s120-c-rp-mo-br100\" alt=\"L Ryuzaki\" \/> <\/div> <div class=\"ti-profile-details\"> <div class=\"ti-name\"> L Ryuzaki <\/div> <div class=\"ti-date\">22 M\u00e4rz 2021<\/div> <\/div> <\/div> <span class=\"ti-stars\"><span class=\"ti-star f\"><\/span><span class=\"ti-star f\"><\/span><span class=\"ti-star f\"><\/span><span class=\"ti-star f\"><\/span><span class=\"ti-star f\"><\/span><\/span> <div class=\"ti-review-text-container ti-review-content\"><!-- R-CONTENT -->Frau Kiszio-Pegelow hat die Trauerrede f\u00fcr meine verstorbene Mutter sehr einf\u00fchlsam und professionell vorgetragen und damit eine wunderbare Verbindung zu ihrem Leben geschaffen. Ich hatte das Gef\u00fchl, dass sie den Kern ihrer Pers\u00f6nlichkeit gut getroffen hat, was mir als Tochter viel bedeutet. Im Namen meiner Familie vielen Dank, Frau Kiszio. Auch durch Ihre Rede kann ich ein St\u00fcck weit besser trauern.<!-- R-CONTENT --><\/div> <span class=\"ti-read-more\" data-container=\".ti-review-content\" data-collapse-text=\"Ausblenden\" data-open-text=\"Weiterlesen\" ><\/span> <\/div> <\/div>  <div data-empty=\"0\" class=\"ti-review-item source-Google\" > <div class=\"ti-inner\"> <div class=\"ti-review-header\"> <div class=\"ti-profile-img\"> <img decoding=\"async\" src=\"https:\/\/lh3.googleusercontent.com\/a-\/ALV-UjW00-Xyjg1baJX1nBf7cX13ZmoISYvoKlMMX-_gEsi2hos=s120-c-rp-mo-ba3-br100\" alt=\"Kathleen Richter\" \/> <\/div> <div class=\"ti-profile-details\"> <div class=\"ti-name\"> Kathleen Richter <\/div> <div class=\"ti-date\">16 Februar 2020<\/div> <\/div> <\/div> <span class=\"ti-stars\"><span class=\"ti-star f\"><\/span><span class=\"ti-star f\"><\/span><span class=\"ti-star f\"><\/span><span class=\"ti-star f\"><\/span><span class=\"ti-star f\"><\/span><\/span> <div class=\"ti-review-text-container ti-review-content\"><!-- R-CONTENT -->Auch ich habe Frau Kiszio \u00fcber das Internet gefunden. Es war von Anfang an ein liebevolles Vertrauensverh\u00e4ltnis da. Es folgte ein einf\u00fchlendes Trauergespr\u00e4ch, wo sie liebe Frau Kiszio sich sehr viel Zeit genommen haben. Auch spezielle W\u00fcnsche waren f\u00fcr Sie kein Problem. Jedes noch so kleine Detail hat in der Trauerrede seinen Platz gefunden. Die G\u00e4ste waren sehr ber\u00fchrt und ergriffen von dieser Rede und beim Kaffee trinken gab es durchweg positive Resonanz. Einige m\u00f6chten gerne die Kontaktdaten haben. Auch wenn es ein trauriger Tag war, so haben sie uns viel Sonnenschein in diesem Moment geschenkt. Mein Adoptivpapi war noch mal richtig bei uns und daf\u00fcr danken wir Ihnen ganz herzlich. In solchen Bewertungen schreibt man ja gern: jederzeit gerne wieder. Ist nat\u00fcrlich hier ein bisschen schwer zu schreiben, aber nicht von dem erlebten, sondern man m\u00f6chte nicht gleich wieder eine Trauerfeier haben. Aber sollte es mal so sein: Wir sind mit Ihnen sehr verbunden!\nIhre Familie M\u00fcller -Richter<!-- R-CONTENT --><\/div> <span class=\"ti-read-more\" data-container=\".ti-review-content\" data-collapse-text=\"Ausblenden\" data-open-text=\"Weiterlesen\" ><\/span> <\/div> <\/div>  <div data-empty=\"1\" class=\"ti-review-item source-Google\" > <div class=\"ti-inner\"> <div class=\"ti-review-header\"> <div class=\"ti-profile-img\"> <img decoding=\"async\" src=\"https:\/\/lh3.googleusercontent.com\/a\/ACg8ocK_MDLc8phAEX2sZ0tdSStvDb3CLbD1IV1eGLvyHqX4=s120-c-rp-mo-br100\" alt=\"Brigitte Krysmann\" \/> <\/div> <div class=\"ti-profile-details\"> <div class=\"ti-name\"> Brigitte Krysmann <\/div> <div class=\"ti-date\">26 September 2019<\/div> <\/div> <\/div> <span class=\"ti-stars\"><span class=\"ti-star f\"><\/span><span class=\"ti-star f\"><\/span><span class=\"ti-star f\"><\/span><span class=\"ti-star f\"><\/span><span class=\"ti-star f\"><\/span><\/span> <div class=\"ti-review-text-container ti-review-content\"><!-- R-CONTENT --><!-- R-CONTENT --><\/div> <span class=\"ti-read-more\" data-container=\".ti-review-content\" data-collapse-text=\"Ausblenden\" data-open-text=\"Weiterlesen\" ><\/span> <\/div> <\/div>  <div data-empty=\"1\" class=\"ti-review-item source-Google\" > <div class=\"ti-inner\"> <div class=\"ti-review-header\"> <div class=\"ti-profile-img\"> <img decoding=\"async\" src=\"https:\/\/lh3.googleusercontent.com\/a-\/ALV-UjUBbZ89nmiU8A5qCAz8Ales4R3XB_AYUxOw_GExGFmOWtI=s120-c-rp-mo-ba4-br100\" alt=\"Bastian D\u00f6en\" \/> <\/div> <div class=\"ti-profile-details\"> <div class=\"ti-name\"> Bastian D\u00f6en <\/div> <div class=\"ti-date\">6 August 2018<\/div> <\/div> <\/div> <span class=\"ti-stars\"><span class=\"ti-star f\"><\/span><span class=\"ti-star f\"><\/span><span class=\"ti-star f\"><\/span><span class=\"ti-star f\"><\/span><span class=\"ti-star f\"><\/span><\/span> <div class=\"ti-review-text-container ti-review-content\"><!-- R-CONTENT --><!-- R-CONTENT --><\/div> <span class=\"ti-read-more\" data-container=\".ti-review-content\" data-collapse-text=\"Ausblenden\" data-open-text=\"Weiterlesen\" ><\/span> <\/div> <\/div>  <div data-empty=\"0\" class=\"ti-review-item source-Google\" > <div class=\"ti-inner\"> <div class=\"ti-review-header\"> <div class=\"ti-profile-img\"> <img decoding=\"async\" src=\"https:\/\/lh3.googleusercontent.com\/a-\/ALV-UjXKm-ZbQEgIVAi73PIkGrnQLgDn6LG-DBK780inzWop91C8=s120-c-rp-mo-br100\" alt=\"Uli Ritter\" \/> <\/div> <div class=\"ti-profile-details\"> <div class=\"ti-name\"> Uli Ritter <\/div> <div class=\"ti-date\">16 Dezember 2017<\/div> <\/div> <\/div> <span class=\"ti-stars\"><span class=\"ti-star f\"><\/span><span class=\"ti-star f\"><\/span><span class=\"ti-star f\"><\/span><span class=\"ti-star f\"><\/span><span class=\"ti-star f\"><\/span><\/span> <div class=\"ti-review-text-container ti-review-content\"><!-- R-CONTENT -->Sehr gute und gef\u00fchlvolle Rednerin. Kann man weiter empfehlen.\n\nU.Ritter  \u2606<!-- R-CONTENT --><\/div> <span class=\"ti-read-more\" data-container=\".ti-review-content\" data-collapse-text=\"Ausblenden\" data-open-text=\"Weiterlesen\" ><\/span> <\/div> <\/div>  <\/div> <div class=\"ti-controls-line\"> <div class=\"dot\"><\/div> <\/div> <\/div>  <\/div> <\/div> <\/pre>\n<p><!--more--><\/p>\n<div class=\"_ISm\"><strong> Duisburg<\/strong><br \/>\nLiebe Frau Kiszio, da vergehen die Tage ohne dass ich Ihnen Danke sage f\u00fcr die wunderbare, empathische, zur\u00fcckhaltende und dennoch sichere Rede und Leitung der Trauerfeier. Sie waren ein Genuss und haben sich eindrucksvoll trotz der professionellen Zur\u00fcckhaltung in den K\u00f6pfen zahlreicher G\u00e4ste etabliert. Eine beachtliche Leistung, f\u00fcr das Ihnen mehr als nur Lob und Respekt geb\u00fchrt. Ich bin froh, Sie gefunden zu haben!<br \/>\nHerzliche und dankbare Gr\u00fc\u00dfe Michael H.<strong><br \/>\n<\/strong><\/div>\n<div class=\"_ISm\"><\/div>\n<div class=\"_ISm\"><strong>D\u00fcsseldorf<\/strong><br \/>\nAuf diesem Wege m\u00f6chte ich mich nochmals bei Ihnen bedanken. Die Rede hat mir sehr gefallen. Selbst alle meine Freundinnen waren begeistert. So hat der ein oder andere sogar noch etwas \u00fcber meinen Vater erfahren, was bisher nicht bekannt war. Zum Beispiel kam eine Bemerkung, ich wusste gar nicht, dass der Heinz so gerne Roller gefahren ist.<br \/>\nGut, dass ich auch Ihrem Rat mit der Musik gefolgt bin. Diese Musik hat sehr gefallen. N\u00e4chste Woche werde ich noch CD&#8217;s kaufen und nachtr\u00e4glich verteilen.<br \/>\nIhnen alles Gute,<br \/>\nW.S.<\/div>\n<div class=\"_ISm\"><strong><br \/>\n<\/strong><strong>Duisburg<\/strong><br \/>\nVielen Dank f\u00fcr Ihre wundervolle, einf\u00fchlsame Rede. Es hat mich sehr ber\u00fchrt, dass Sie auch\u00a0 Dinge \u00fcber meinen Vater besonders liebevoll gesagt haben, die ich nur in einem Halbsatz erw\u00e4hnt hatte.<br \/>\nS.B.<\/div>\n<div class=\"_ISm\">\n<p><strong>Essen<br \/>\n<\/strong>Ich m\u00f6chte mich auf diesem Weg noch einmal herzlich bei ihnen bedanken f\u00fcr die wundersch\u00f6ne Trauerrede, die sie vorbereitet haben. Sie sind sehr einf\u00fchlsam auf unsere W\u00fcnsche eingegangen, und haben die passenden Abschiedworte gefunden. Das hat uns sehr ber\u00fchrt.<br \/>\nIm Namen der Familie herzlichen Dank. L. S.<strong><br \/>\n<\/strong><\/p>\n<p><strong>\u00a0<\/strong><strong>Essen<\/strong><br \/>\nIch m\u00f6chte mich nochmal pers\u00f6nlich f\u00fcr die wunderbare Trauerrede bedanken, wir haben viele positive R\u00fcckmeldungen bekommen.<br \/>\nM.H.<\/p>\n<p><strong>Essen<\/strong><br \/>\nDanke f\u00fcr Ihre Flexibilit\u00e4t im Vorfeld und besonderen Dank f\u00fcr Ihre wundersch\u00f6ne Rede. Wir hatten ja schon geh\u00f6rt, da\u00df freie Trauerfeiern viel pers\u00f6nlicher und sch\u00f6ner sind, aber trotzdem haben Sie alle unsere Erwartungen noch \u00fcbertroffen!<br \/>\nR. u. M. L.<\/p>\n<\/div>\n","protected":false},"excerpt":{"rendered":"<p>Hier einige R\u00fcckmeldungen von Hinterbliebenen<\/p>\n","protected":false},"author":1,"featured_media":1409,"parent":1251,"menu_order":0,"comment_status":"closed","ping_status":"closed","template":"","meta":{"footnotes":""},"_links":{"self":[{"href":"https:\/\/trauerrednerin.eu\/index.php?rest_route=\/wp\/v2\/pages\/1315"}],"collection":[{"href":"https:\/\/trauerrednerin.eu\/index.php?rest_route=\/wp\/v2\/pages"}],"about":[{"href":"https:\/\/trauerrednerin.eu\/index.php?rest_route=\/wp\/v2\/types\/page"}],"author":[{"embeddable":true,"href":"https:\/\/trauerrednerin.eu\/index.php?rest_route=\/wp\/v2\/users\/1"}],"replies":[{"embeddable":true,"href":"https:\/\/trauerrednerin.eu\/index.php?rest_route=%2Fwp%2Fv2%2Fcomments&post=1315"}],"version-history":[{"count":9,"href":"https:\/\/trauerrednerin.eu\/index.php?rest_route=\/wp\/v2\/pages\/1315\/revisions"}],"predecessor-version":[{"id":1579,"href":"https:\/\/trauerrednerin.eu\/index.php?rest_route=\/wp\/v2\/pages\/1315\/revisions\/1579"}],"up":[{"embeddable":true,"href":"https:\/\/trauerrednerin.eu\/index.php?rest_route=\/wp\/v2\/pages\/1251"}],"wp:featuredmedia":[{"embeddable":true,"href":"https:\/\/trauerrednerin.eu\/index.php?rest_route=\/wp\/v2\/media\/1409"}],"wp:attachment":[{"href":"https:\/\/trauerrednerin.eu\/index.php?rest_route=%2Fwp%2Fv2%2Fmedia&parent=1315"}],"curies":[{"name":"wp","href":"https:\/\/api.w.org\/{rel}","templated":true}]}}