{"id":1251,"date":"2016-02-12T07:54:41","date_gmt":"2016-02-12T07:54:41","guid":{"rendered":"http:\/\/demos.famethemes.com\/onepress\/?page_id=4"},"modified":"2023-11-27T09:10:47","modified_gmt":"2023-11-27T08:10:47","slug":"home","status":"publish","type":"page","link":"https:\/\/trauerrednerin.eu\/","title":{"rendered":"Liebevolle Abschiedsworte"},"content":{"rendered":"<p><em>Mein Name ist <a title=\"\" href=\"https:\/\/trauerrednerin.eu\/?page_id=1327\" target=\"_blank\" rel=\"noopener\">Heike Kiszio<\/a> und seit \u00fcber 10 Jahren begleite ich Trauerfeiern und gestalte liebevolle Abschiedsreden.<\/em><\/p>\n<p><strong>D<\/strong>ie Trauerfeier ist das letzte Fest,\u00a0 bei dem unsere Verstorbenen im Mittelpunkt stehen. Darum sollte alles was in der Trauerfeier geschieht, zur Pers\u00f6nlichkeit der Verstorbenen passen.<\/p>\n<p><strong>E<\/strong>s ist mir ein Anliegen, das Leben des geliebten Menschen noch einmal aufleben zu lassen und die wichtigsten Stationen seines Lebens und die schillernden Facetten seiner Pers\u00f6nlichkeit zu beleuchten. Was mochte er gerne, was war ihm wichtig, welche Musik h\u00e4tte er selbst sich zu seiner Trauerfeier gew\u00fcnscht?<\/p>\n<p><strong>D<\/strong>er Tod ist ein \u00dcbergang &#8211; ganz sicher f\u00fcr den Verstorbenen, aber auch f\u00fcr uns Hinterbliebene, denn wir m\u00fcssen unseren weiteren Weg jetzt ohne den geliebten Menschen fortsetzen.<\/p>\n<p><strong>D<\/strong>ie Trauerfeier hilft den Verstorbenen, aber vor allem den Hinterbliebenen, diesen \u00dcbergang zu erleichtern. Wir nehmen gegenseitig Abschied \u2013 in Trauer \u00fcber eine L\u00fccke, die der geliebte Mensch hinterl\u00e4sst, in Dankbarkeit, dass er uns begleitet hat &#8211; und in Zuversicht, dass es ihm in der anderen Welt gut gehen m\u00f6ge.<\/p>\n<p><strong>W<\/strong>ie dieser Abschied aussehen wird, das bestimmen Sie &#8211; wenn Sie m\u00f6chten. Vielleicht m\u00f6chten Sie der geliebten Person noch ein bestimmtes Gedicht mit auf den Weg geben, vielleicht m\u00f6chten Sie, dass ein bestimmtes Lied gespielt wird, vielleicht m\u00f6chten Sie besondere Erlebnisse hervorgehoben haben. Vieles ist m\u00f6glich, auch ausgefallene Ideen k\u00f6nnen in die Tat umgesetzt werden.<\/p>\n\n\n<p><\/p>\n","protected":false},"excerpt":{"rendered":"<p>Mein Name ist Heike Kiszio und seit \u00fcber 10 Jahren begleite ich Trauerfeiern und gestalte liebevolle Abschiedsreden. Die Trauerfeier ist das letzte Fest,\u00a0 bei dem unsere Verstorbenen im Mittelpunkt stehen. Darum sollte alles was in der Trauerfeier geschieht, zur Pers\u00f6nlichkeit der Verstorbenen passen. Es ist mir ein Anliegen, das Leben des geliebten Menschen noch einmal &hellip; <\/p>\n<p class=\"link-more\"><a href=\"https:\/\/trauerrednerin.eu\/\" class=\"more-link\"><span class=\"screen-reader-text\">\u201eLiebevolle Abschiedsworte\u201c<\/span> weiterlesen<\/a><\/p>\n","protected":false},"author":1,"featured_media":0,"parent":0,"menu_order":0,"comment_status":"closed","ping_status":"closed","template":"","meta":{"footnotes":""},"_links":{"self":[{"href":"https:\/\/trauerrednerin.eu\/index.php?rest_route=\/wp\/v2\/pages\/1251"}],"collection":[{"href":"https:\/\/trauerrednerin.eu\/index.php?rest_route=\/wp\/v2\/pages"}],"about":[{"href":"https:\/\/trauerrednerin.eu\/index.php?rest_route=\/wp\/v2\/types\/page"}],"author":[{"embeddable":true,"href":"https:\/\/trauerrednerin.eu\/index.php?rest_route=\/wp\/v2\/users\/1"}],"replies":[{"embeddable":true,"href":"https:\/\/trauerrednerin.eu\/index.php?rest_route=%2Fwp%2Fv2%2Fcomments&post=1251"}],"version-history":[{"count":11,"href":"https:\/\/trauerrednerin.eu\/index.php?rest_route=\/wp\/v2\/pages\/1251\/revisions"}],"predecessor-version":[{"id":1596,"href":"https:\/\/trauerrednerin.eu\/index.php?rest_route=\/wp\/v2\/pages\/1251\/revisions\/1596"}],"wp:attachment":[{"href":"https:\/\/trauerrednerin.eu\/index.php?rest_route=%2Fwp%2Fv2%2Fmedia&parent=1251"}],"curies":[{"name":"wp","href":"https:\/\/api.w.org\/{rel}","templated":true}]}}